5*w. Suppose c - 4*c + 9 = 0. Suppose c*z + 0*z = 18. List the prime factors of g(z).
2, 3
Let a(y) = -y + 13. Let j be (3/(-6))/((-2)/8). Let g be (-6 + 2)/(j/(-5)). What are the prime factors of a(g)?
3
What are the prime factors of (9/12)/((-6)/(-216))?
3
Let p(v) be the third derivative of v**4/24 - v**3/6 - 4*v**2. Let q be p(-2). List the prime factors of (-6)/(-9) - 16/q.
2, 3
Suppose -37 - 43 = -4*v. What are the prime factors of v?
2, 5
Suppose 0 = 7*n - 3*n - 140. What are the prime factors of n?
5, 7
Suppose 0 = -n - 4*n - 30. Let z(p) = -146 - 4*p**2 + 150 - p**3 - p**2 + 6*p. List the prime factors of z(n).
2
Let r(q) = 2*q**2 + q + 2. Let z = -2 - 0. Let k be r(z). Suppose j - k = 3*t, -2*j + 3*j + 5*t - 8 = 0. List the prime factors of j.
2
Suppose 63 = 3*v - 45. What are the prime factors of v?
2, 3
Let s(q) = 16*q - 1. Let w be s(1). Suppose c - 2*c + w = 0. Suppose 0*z + 4*z - 53 = -g, 0 = z + 2*g - c. What are the prime factors of z?
13
Let n(r) = -23*r + 1. Let d be n(1). What are the prime factors of (-608)/(-44) - 4/d?
2, 7
Let f(u) = -u - 3. Let t be f(-5). Let m = t - -4. Suppose m*g + v - 4 = 5*g, 0 = g + 4*v - 10. List the prime factors of g.
2
Let h(c) = -c**2 + 9*c + 10. Let l be h(9). Let m(r) = -r**2 + 11*r - 12. Let f be m(l). List the prime factors of ((-30)/12)/(1/f).
5
Let o be (-4)/(-14) + (-237)/21. Let h be 1 - -1 - (-2 + 24). Let k = o - h. List the prime factors of k.
3
Let b = 7 + 35. Let w = 71 - b. List the prime factors of w.
29
Suppose 1 = 3*t - 5. Let w(d) = -2*d - 1 - 2*d**2 + 5*d**2 + 0*d. What are the prime factors of w(t)?
7
Let b = 4 + 1. Suppose -18 = b*u - 68. What are the prime factors of u?
2, 5
Let d(v) = -v**3 - 12*v**2 - 14*v + 24. List the prime factors of d(-11).
3, 19
Let i(s) = s**2 - 2*s + 2. Let k be i(4). Let o be 0/(-3 + -1) + 2. Suppose -o*f + 14 = -k. What are the prime factors of f?
2, 3
Suppose -2 = -3*d - 5. Let x be 3*d/(-9)*15. Suppose -x*c = 5*g - 5, 4*g - 5*g = -c + 5. What are the prime factors of c?
3
Suppose -z + 166 = 3*q - 6*q, -3*z + 494 = -5*q. List the prime factors of z.
163
Let v(k) = k**3 - 7*k**2 - k - 9. Let r be v(7). Let j = 37 + r. Let d = -8 + j. What are the prime factors of d?
13
Suppose -k - 7 - 6 = 0. Let w = k + 20. What are the prime factors of w?
7
Suppose 2*h - 3 = 23. Suppose 0 = -2*d - 1 + h. List the prime factors of d.
2, 3
List the prime factors of 8/(-20) + 137/5.
3
Let c = -1 - -1. Let w be c/(-2) + (7 - -2). What are the prime factors of -2*(w/(-2) + 2)?
5
Let b(v) = 3*v - 2. Let a be b(2). Suppose -n = -6 - 4. Suppose 0 = a*t - 2*t - n. List the prime factors of t.
5
Let r(u) = 2*u**2 - 2*u. Let p = 8 - 7. Let t = p + 2. List the prime factors of r(t).
2, 3
Suppose 7*q = 8 + 6. What are the prime factors of q?
2
Suppose -5*l - 3*x + 226 = 0, -5*x = 3*l - 2*l - 32. What are the prime factors of l?
47
Let f be -3 + 6 + (1 - 2). Let i(y) = -f*y + y + 0*y. List the prime factors of i(-4).
2
Let f(m) = m**2 - 14*m + 19. List the prime factors of f(18).
7, 13
Suppose 38 = -3*t + 5*t. What are the prime factors of t?
19
Let j(s) = s**3 - 4*s**2 - 5*s + 4. Let v be j(5). Suppose 0 = -i + v*b + 10, b = 3*i - 12 - 18. What are the prime factors of i?
2, 5
Suppose 2*x = 1 + 3. Suppose 0 = x*v - 4 - 4. What are the prime factors of v?
2
Let j(k) = -k**2 + 8*k - 3. Let o be j(7). Let r(s) be the second derivative of s**5/20 - s**4/4 - 5*s**2/2 - s. What are the prime factors of r(o)?
11
Suppose 5*o = 6*o - 5*g - 80, 3*o = -2*g + 257. What are the prime factors of o?
5, 17
Let x(v) = v**3 + 2*v**2 - 5*v + 1. Let i be x(-4). Let h(o) = 27 - 14 - o - 8 - 12. List the prime factors of h(i).
2
What are the prime factors of -1 - -75 - (1 - (4 - 6))?
71
Let a(q) = q**3 - 6*q**2 - 3*q - 5. Let h be a(6). Let f = 48 + h. What are the prime factors of f?
5
List the prime factors of 1/(-4)*0 - -25.
5
Let p(l) = l**2 - 6*l + 4. Let f be p(6). Suppose v = -4 + 2, -f*b = 5*v - 150. What are the prime factors of b?
2, 5
Let o = 7 + 51. Let j = o + -25. Let g = -14 + j. List the prime factors of g.
19
Suppose 3*v = -5*a + 300, 4*a + 24 = -2*v + 224. List the prime factors of v.
2, 5
Suppose -3*v - 2*v + 4*b = -562, v = -3*b + 101. What are the prime factors of v?
2, 5, 11
Suppose -17 = -2*t + 23. Let h = t - 9. Let l = -7 + h. What are the prime factors of l?
2
Let a be (-24)/(-9) - (-1)/3. Suppose -a*n = -10 - 8. What are the prime factors of n?
2, 3
Suppose 2*d + 72 = 4*d. What are the prime factors of d?
2, 3
Let m = 2 - -3. Suppose -t + l + 18 = -l, -m*t - 4*l = -20. Suppose 0 = -y + 2 + t. What are the prime factors of y?
2, 5
Suppose -w = -3*w + 130. What are the prime factors of w?
5, 13
Suppose 4*s + 2*o - 4*o = 30, 4*s + 2*o = 34. Let k be 156/(-27) - s/36. What are the prime factors of (k/(-5))/((-8)/(-20))?
3
Let d be (6/(-5))/((-1)/(-35)). Let f = d + 83. List the prime factors of f.
41
Let x(b) = 5*b**2 + 5*b - 8. What are the prime factors of x(-7)?
2, 101
Suppose -977 + 347 = -3*a. Suppose -2*k - a = -7*k. List the prime factors of k.
2, 3, 7
Let w(s) = 3*s - 4*s - 4 + 0*s. What are the prime factors of w(-9)?
5
Let k = -2 - -3. Let y be (1 - (1 + -2))*k. Suppose -q + 7 = 3*p, y*q - 31 = -q + p. List the prime factors of q.
2, 5
Suppose 0 = -2*s - 71 + 27. What are the prime factors of (-4)/s + 2280/44?
2, 13
Let v = 130 - 84. List the prime factors of v.
2, 23
Suppose 5*q + 161 = 4*h, -5*h - 3*q = -288 + 59. What are the prime factors of h?
2, 11
List the prime factors of (-2)/11 - 136/(-22).
2, 3
Suppose 4*t - 10 = -t. Suppose -t*u - u = -24. List the prime factors of u.
2
Let v(j) = 103*j**2 - j - 1. What are the prime factors of v(-1)?
103
Let c(l) = 7*l + 14. Let h be c(6). Suppose -2*v + 3*v - h = 4*s, -5*v = s - 217. What are the prime factors of v?
2, 11
Suppose 2*n + 450 = 8*n. What are the prime factors of n?
3, 5
Let t = 124 + -111. What are the prime factors of t?
13
Let k = -86 + 154. List the prime factors of k.
2, 17
Suppose 5*v - 14 = -4. Suppose -3*q - g = -82, -v*q + 5*g - g + 50 = 0. List the prime factors of q.
3
Let p be 2 + -2 + (-98)/2. List the prime factors of (2/7)/((-1)/p).
2, 7
What are the prime factors of 4 - (26*-2 + -4)?
2, 3, 5
Suppose 15*c + 190 = 10*c. Let r = 0 - c. List the prime factors of r.
2, 19
Suppose -3*d + 3 = 4*p, -2*p + 3*p = d - 8. Let s(l) = -l + 5. Let x be s(d). List the prime factors of (1 + x)/((-4)/(-52)).
13
Suppose -4*o - l = -275 + 28, -2*o = l - 125. Suppose -o = -5*a - b - 3, b + 30 = 3*a. What are the prime factors of a?
11
Let q(b) = -13*b + 34. What are the prime factors of q(-6)?
2, 7
Let k = 6 + -14. Let a = 1 - k. What are the prime factors of a?
3
Let n(h) = -h**2 - 9*h - 12. Let t be n(-7). Suppose -27 = -t*i + 11. List the prime factors of i.
19
Let o be 4/10 - (-384)/40. Let d = o - 8. Suppose -4*x = -d*f + 2, -5*f - x + 17 = x. What are the prime factors of f?
3
Let s(n) be the third derivative of -1/10*n**5 + 7/6*n**3 + 0*n + 0 + 0*n**4 + 2*n**2 + 1/120*n**6. List the prime factors of s(6).
7
Suppose 4*k = -2*c + 166, -k + 0*c + 49 = 3*c. Suppose -55 = -3*g + 5*v, 3*g - k = -3*v + 5*v. Let m(z) = z**2 - 9*z - 1. List the prime factors of m(g).
3
Suppose -2*v = 6 + 2. Let h = v + 4. Suppose 3*z - 8*z + 40 = h. What are the prime factors of z?
2
What are the prime factors of (0 - 20/5)*-17?
2, 17
Let o(m) = m**3 - 18*m**2 + 4*m + 38. What are the prime factors of o(18)?
2, 5, 11
Let x = -5 - -27. Let q = x - 13. What are the prime factors of q?
3
Suppose -4*b + 2*b - 2 = 0. What are the prime factors of 6 - (2 - (-1 - b))?
2
Suppose i - 5*i + 3*y = -177, 90 = 2*i - 2*y. What are the prime factors of i?
2, 3, 7
Suppose 4*l - 20 = 5*o, 2*l = -2*o - 0 + 28. Suppose 3*k - k = -l. Let j = 8 + k. What are the prime factors of j?
3
Suppose 3*o + 905 = 8*o. What are the prime factors of o?
181
Suppose a + 15 = 3*g, g + g - 4*a = 0. Suppose -d + g*d + 5*q = 225, 5*q = -d + 61. What are the prime factors of d?
41
Suppose 3*o + 4*y + 10 = 5*o, 2*o = -3*y - 4. Let h be o/(((-3)/9)/(-1)). Suppose x + 2*x + 3*c = 36, h*c = -3. List the prime factors of x.
13
Let d(h) = -h**3 + 11*h**2 - 9*h - 3. Let f be d(10). Suppose 5*j - f - 13 = 0. What are the prime factors of j?
2
Let k(r) = 0 - 3 + 6 